9
Suppose 22 - 94 = -2*s. Let r be 25 - 1*(1 - 0). What is the greatest common factor of s and r?
12
Let u = 19 + 3. What is the highest common divisor of 176 and u?
22
Suppose 7*z - 2*z = 0. Suppose z = -2*g + 6*g - 136. Calculate the highest common divisor of 17 and g.
17
Let i = 78 + -66. Suppose x + 5*r = -3*x + 28, -2*x + 2*r = 4. Suppose -2*v + 96 = x*v. What is the highest common divisor of i and v?
12
Let v be ((-2)/4)/(1/(-6)). Let o = 12 - v. Calculate the highest common factor of o and 36.
9
Suppose 2*s + 12 = -4*x + 7*s, -4*s = -4*x - 8. What is the highest common divisor of 1 and x?
1
Suppose -495 + 93 = -4*h - 2*l, 0 = -l + 3. What is the greatest common divisor of h and 9?
9
Suppose -2 - 4 = 3*w. Let s be ((-7)/((-14)/(-20)))/w. Calculate the highest common factor of 10 and s.
5
Let u be (-4 - -4)/(-4) - 4. Let a be u/((-64)/(-12))*-36. What is the highest common divisor of a and 9?
9
Let p(q) = 36*q + 5. Let v be p(2). Calculate the greatest common factor of v and 7.
7
Let h(t) = -2*t - 7. Let g = 9 - 14. Let p be h(g). Suppose 4*o = 4*i - 64, 2*i = -p*i - 4*o + 71. Calculate the highest common divisor of i and 10.
5
Let o = 43 + -34. Calculate the highest common factor of o and 72.
9
Let p(k) = -k - 10. Let a be p(-7). Let s = 8 + a. Suppose s*b = -2*q + 19, -2*q + b - 3*b = -34. What is the greatest common divisor of 11 and q?
11
Let h = 5 + -2. Suppose 0*s = h*s - 690. Suppose 0 = 2*k - 4 - s. Calculate the greatest common divisor of 13 and k.
13
Let i be (-5 + -17)/((-6)/9). What is the highest common divisor of i and 231?
33
Let k be 0 - 1 - (-10)/1. Let r be (-27)/2*16/(-12). Calculate the greatest common divisor of k and r.
9
Suppose -h + 3*h + 50 = 2*o, -100 = -4*o - h. Calculate the greatest common factor of 25 and o.
25
Suppose 3*a - 61 = -0*a + 5*y, 51 = 3*a - 3*y. Suppose -5*m + a = -m. Suppose -u = 3*p - p - 15, -27 = -u + 2*p. What is the greatest common divisor of u and m?
3
Suppose -3*p = -154 + 19. Let v be (3/6)/(3/(-18)). Let i = v + 8. Calculate the highest common divisor of p and i.
5
Let w = -98 + 104. Calculate the highest common divisor of 3 and w.
3
Suppose -3*f - 27 = -6*f. Let p = 6 - 0. Calculate the greatest common divisor of f and p.
3
Let t = 24 - 22. Calculate the highest common divisor of t and 2.
2
Let d(w) = w**3 - w**2 - w - 5. Let v be d(5). Suppose -2*g - 16 = -6*g. Let a = g - -6. What is the greatest common factor of a and v?
10
Let b be 5 - (-1)/(3 - 2). What is the highest common divisor of b and 48?
6
Let f = 16 - 12. Suppose 0 = -5*n - t + 837, -f*t - 14 + 2 = 0. Calculate the greatest common factor of n and 21.
21
Let v = -104 - -266. Calculate the highest common factor of v and 6.
6
Let v be ((-27)/(-18))/((-1)/(-2)). Suppose -3*j + 8*j - 75 = 5*i, -v*j + 2*i + 40 = 0. What is the greatest common factor of 110 and j?
10
Let w(b) = -b**2 + 6*b + 2. Let f be w(6). Suppose -d = -1, f*p - 86 = -p - 2*d. Calculate the greatest common factor of p and 14.
14
Let m = -1 + 0. Let k be (2*m)/((-3)/6). Suppose -3*j = -r - k*r + 36, j + 6 = r. Calculate the highest common divisor of r and 36.
9
Suppose -b + 120 = 5*q, -3*b - 320 = -6*b + 5*q. What is the greatest common factor of b and 10?
10
Let x(f) = -f + 5. Let b be x(0). What is the greatest common divisor of 5 and b?
5
Let i = 387 + -211. Calculate the greatest common divisor of i and 22.
22
Suppose 0 = o - 4*o + 45. Suppose 113 = 3*c - 112. Calculate the highest common divisor of o and c.
15
Let f = -161 - -315. What is the highest common factor of 14 and f?
14
Let m = -4 + -5. Let l be 14/(-63) + (-38)/m. Let u be 40/(-6)*(-36)/15. Calculate the greatest common divisor of l and u.
4
Suppose -7*l - 4*g + 18 = -5*l, 2*l - 2*g = -6. Calculate the highest common divisor of l and 3.
1
Suppose -9*k + 294 = 5*k. Calculate the greatest common factor of 84 and k.
21
Let f be (-70)/8 - (-3)/(-12). Let w = f - -44. Let n be 7/(-2)*(-2)/1. What is the highest common divisor of n and w?
7
Suppose 3*s + 2 = 2*f, -f - s + 7 = 1. What is the greatest common divisor of f and 2?
2
Let i = -5 + 3. Let g be 4*(21/4 + i). What is the highest common divisor of 52 and g?
13
Suppose -2 + 14 = 3*h. Suppose 2*k + k = 0. Suppose 3*x + v - 30 = -2, k = -4*x - 2*v + 36. Calculate the highest common factor of h and x.
2
Suppose -21 = -d - 2*d. Calculate the greatest common factor of 14 and d.
7
Let j = 24 + -16. Suppose g = 4*g - 48. What is the highest common divisor of g and j?
8
Suppose l = 3*v + 18, 12 = -l - 3*v - 0. Suppose u - 2 = 3*w + 9, -2*u = -l*w - 13. Let g = u - -2. What is the greatest common factor of g and 10?
2
Let z(n) = 9*n**2 + n - 1. Let b(f) = -2*f - 2. Let r be b(-2). Suppose 5*l - r - 3 = 0. Let j be z(l). What is the greatest common divisor of j and 81?
9
Suppose 0 = -0*u - u + 2. Suppose -6 = u*a + 3*q - 2, -5*a + 5*q + 40 = 0. What is the greatest common divisor of a and 1?
1
Let q be 90/(-2 + (2 - -1)). Let i = q + 42. What is the greatest common factor of i and 12?
12
Suppose z + 2 = -2*a + 4*a, 3*a - 3*z = 0. What is the highest common factor of a and 3?
1
Suppose -3*o + 4*m = 3 - 5, -4*o + 44 = 5*m. Calculate the greatest common divisor of 54 and o.
6
Let a(r) = r**3 - 9*r**2 - 10*r + 2. Let x be a(10). Suppose 0 = b - 2*q, -x*q + 55 = 3*b + 3*q. What is the greatest common factor of b and 30?
10
Suppose -5*h + 1000 = -260. What is the highest common factor of 36 and h?
36
Suppose 4 = 3*q + 4*p - 80, -2*q + 4*p + 76 = 0. Calculate the highest common factor of 16 and q.
16
Let h = -5 + 17. Let a(s) = 9*s**2 - 2*s - 4. Let o be a(4). What is the highest common factor of o and h?
12
Suppose l - 2*z = 3*z + 105, z = 5. What is the greatest common factor of 10 and l?
10
Suppose -4*p = 4*d - 0 - 4, 3*d = -5*p + 7. Suppose p*r + 2 = r. Let y be 41 - 0 - (1 + r). What is the greatest common divisor of 28 and y?
14
Suppose -2*l + 9 = -25. Let n be 2 + -2 + 0 + l. Suppose 3*z - 4 = n. What is the highest common factor of 77 and z?
7
Suppose -3*i - 23 - 14 = -2*y, -21 = -y + i. Let x = -585 + 871. Calculate the highest common factor of x and y.
26
Suppose -y + 39 = -5*j, 4*y - j - 34 = 27. Let v be 4/((-24)/(-10))*21. What is the greatest common divisor of v and y?
7
Let t = 13 + 11. What is the highest common factor of t and 6?
6
Let c = -108 - -163. What is the greatest common divisor of 10 and c?
5
Let c(b) = 2*b**3 - 6*b**2 + 3*b + 1. Let a be c(4). Suppose -s = 2*s - a. Calculate the highest common factor of s and 10.
5
Let t(r) = -2*r**2 - 4*r + 3. Let v be t(-5). Suppose -4*q + 3*i + 221 = 0, -i = -3*q + q + 113. Let s = v + q. Calculate the highest common factor of s and 16.
16
Let m(l) = -l**2 + 4*l + 6. Let s be m(6). Let u = s + 30. Let v(q) = -7*q - 6. Let x be v(-6). What is the highest common factor of u and x?
12
Suppose 4*b - 65 - 31 = 0. Let p = b + -9. Let h = -3 - -6. What is the greatest common divisor of p and h?
3
Let t = 79 - 67. What is the greatest common divisor of 96 and t?
12
Let k be 1/2*10*-2. Let w be k/(-6) + (-2)/3. Let r = 12 - 11. What is the greatest common factor of r and w?
1
Let j = 126 + 45. What is the highest common factor of 19 and j?
19
Let q = 62 - 61. What is the highest common factor of q and 17?
1
Let s = -57 - -75. Calculate the greatest common divisor of s and 27.
9
Suppose -51 = 2*k - 5*k. Let q be 2/(-1) - (-1 - k). What is the highest common factor of q and 160?
16
Suppose 2*s - 14 = 84. What is the greatest common factor of s and 7?
7
Let v be (-7 + 4)*(-56)/6. Let k be 2/(-16)*-10*v. What is the highest common divisor of 7 and k?
7
Let w(m) = m**2 + 14*m - 3. Let b be w(-15). What is the highest common factor of b and 8?
4
Let g = -144 + 260. Let t be g/8 + (-1)/(-2). Calculate the highest common divisor of 6 and t.
3
Suppose 0 = 2*a + 3*a - 30. Let b(h) = h**2 - 5*h - 8. Let r be b(a). Let y be 7 - -2*(-3 - r). What is the highest common factor of 15 and y?
5
Let m = 49 - 82. Let n be (m + 3)/(4/(-2)). Calculate the greatest common divisor of n and 75.
15
Let p be (4 + -12)*(-3)/4. What is the highest common divisor of 24 and p?
6
Suppose -4*o + 9*o - 180 = 0. Let g(b) be the third derivative of b**5/30 - b**4/12 - b**2. Let t be g(3). What is the highest common divisor of t and o?
12
